{"id":25,"date":"2011-06-12T17:41:13","date_gmt":"2011-06-12T15:41:13","guid":{"rendered":"http:\/\/ralph-braun.com\/v2\/?page_id=25"},"modified":"2018-05-23T16:47:30","modified_gmt":"2018-05-23T14:47:30","slug":"projekte-2","status":"publish","type":"page","link":"https:\/\/ralph-braun.com\/?page_id=25","title":{"rendered":"Projekte"},"content":{"rendered":"<\/p>\n<p>in Vorbereitung: eklatante Widerspr\u00fcche bez\u00fcglich der wahrscheinlich im August 2018 ver\u00f6ffentlichten CD-Einspielung von 2014 des von Johann Strauss Sohn bei seinem Tod unvollendet hinterlassenen Balletts Aschenbr\u00f6del durch das ORF Radio Symphonie Orchester Wien unter Leitung des \u00f6sterreichischen Dirigenten Ernst Theis<\/p>\n<p><a href=\"https:\/\/ralph-braun.com\/wp-content\/uploads\/2011\/06\/Strauss_Tage_2009_Programm.pdf\"><em><strong>Coburger Johann Strauss Musikfestival 2009<\/strong><\/em> Programm<\/a><\/p>\n<p><a href=\"https:\/\/ralph-braun.com\/?page_id=43\"><em><strong>Musikalischer Kulturaustausch Portugal &#8211; Coburg &#8211; Brasilien<\/strong><\/em><\/a><\/p>\n<p><a href=\"https:\/\/ralph-braun.com\/?page_id=97\"><strong>Neudeutung und Neufassung und Auff\u00fchrung der Johann Strauss-Operette <em>Cervantes oder Das Spitzentuch der K\u00f6nigin<\/em> 2006<\/strong><\/a> <\/p>\n<p><a href=\"https:\/\/ralph-braun.com\/?page_id=113\"><strong>Deutsche Erstauff\u00fchrung Johann Strauss <em>Simplicius<\/em> 2004<\/strong><\/a><\/p>\n<p><a href=\"https:\/\/ralph-braun.com\/wp-content\/uploads\/2011\/06\/coburg_und_mozart.pdf\"><em><strong>Coburg und Mozart<\/em> &#8211; Aufsatz<\/strong><\/a><BR><\/p>\n","protected":false},"excerpt":{"rendered":"<p>in Vorbereitung: eklatante Widerspr\u00fcche bez\u00fcglich der wahrscheinlich im August 2018 ver\u00f6ffentlichten CD-Einspielung von 2014 des von Johann Strauss Sohn bei seinem Tod unvollendet hinterlassenen Balletts Aschenbr\u00f6del durch das ORF Radio Symphonie Orchester Wien unter Leitung des \u00f6sterreichischen Dirigenten Ernst Theis &hellip; <a href=\"https:\/\/ralph-braun.com\/?page_id=25\">Weiterlesen <span class=\"meta-nav\">&rarr;<\/span><\/a><\/p>\n","protected":false},"author":1,"featured_media":0,"parent":0,"menu_order":1,"comment_status":"closed","ping_status":"open","template":"","meta":{"footnotes":""},"class_list":["post-25","page","type-page","status-publish","hentry"],"_links":{"self":[{"href":"https:\/\/ralph-braun.com\/index.php?rest_route=\/wp\/v2\/pages\/25","targetHints":{"allow":["GET"]}}],"collection":[{"href":"https:\/\/ralph-braun.com\/index.php?rest_route=\/wp\/v2\/pages"}],"about":[{"href":"https:\/\/ralph-braun.com\/index.php?rest_route=\/wp\/v2\/types\/page"}],"author":[{"embeddable":true,"href":"https:\/\/ralph-braun.com\/index.php?rest_route=\/wp\/v2\/users\/1"}],"replies":[{"embeddable":true,"href":"https:\/\/ralph-braun.com\/index.php?rest_route=%2Fwp%2Fv2%2Fcomments&post=25"}],"version-history":[{"count":30,"href":"https:\/\/ralph-braun.com\/index.php?rest_route=\/wp\/v2\/pages\/25\/revisions"}],"predecessor-version":[{"id":21179,"href":"https:\/\/ralph-braun.com\/index.php?rest_route=\/wp\/v2\/pages\/25\/revisions\/21179"}],"wp:attachment":[{"href":"https:\/\/ralph-braun.com\/index.php?rest_route=%2Fwp%2Fv2%2Fmedia&parent=25"}],"curies":[{"name":"wp","href":"https:\/\/api.w.org\/{rel}","templated":true}]}}